
7
What is the units digit of 172908?
8
What is the hundreds digit of 959259?
2
What is the ten thousands digit of 5933712?
3
What is the tens digit of 1341001?
0
What is the units digit of 341482?
2
What is the thousands digit of 7072718?
2
What is the tens digit of 609933?
3
What is the ten thousands digit of 2997880?
9
What is the hundred thousands digit of 532151?
5
What is the tens digit of 2199055?
5
What is the thousands digit of 470487?
0
What is the units digit of 170747?
7
What is the tens digit of 213888?
8
What is the units digit of 1418078?
8
What is the ten thousands digit of 468048?
6
What is the ten thousands digit of 383220?
8
What is the thousands digit of 132264?
2
What is the units digit of 1400103?
3
What is the ten thousands digit of 3103862?
0
What is the units digit of 41605?
5
What is the millions digit of 22240432?
2
What is the thousands digit of 34180183?
0
What is the hundred thousands digit of 5569614?
5
What is the ten thousands digit of 598366?
9
What is the millions digit of 1462926?
1
What is the units digit of 5315110?
0
What is the ten thousands digit of 14381372?
8
What is the hundreds digit of 792849?
8
What is the tens digit of 1426655?
5
What is the units digit of 491604?
4
What is the units digit of 966794?
4
What is the millions digit of 6258653?
6
What is the hundreds digit of 1916904?
9
What is the thousands digit of 145262?
5
What is the ten thousands digit of 1012665?
1
What is the hundred thousands digit of 3919417?
9
What is the hundreds digit of 148979?
9
What is the thousands digit of 1501439?
1
What is the ten millions digit of 28149708?
2
What is the hundreds digit of 6838888?
8
What is the hundreds digit of 248259?
2
What is the tens digit of 84999?
9
What is the thousands digit of 2374596?
4
What is the tens digit of 2565634?
3
What is the units digit of 656084?
4
What is the hundreds digit of 39307?
3
What is the tens digit of 29250677?
7
What is the millions digit of 1534864?
1
What is the hundred thousands digit of 1175793?
1
What is the hundred thousands digit of 5755413?
7
What is the units digit of 5197395?
5
What is the hundreds digit of 624184?
1
What is the hundreds digit of 6013428?
4
What is the units digit of 132693?
3
What is the tens digit of 288296?
9
What is the hundreds digit of 6140117?
1
What is the ten thousands digit of 828949?
2
What is the ten thousands digit of 16387080?
8
What is the ten thousands digit of 837232?
3
What is the hundred thousands digit of 11457958?
4
What is the tens digit of 201659?
5
What is the thousands digit of 19279732?
9
What is the thousands digit of 477037?
7
What is the hundred thousands digit of 446845?
4
What is the thousands digit of 1943371?
3
What is the hundred thousands digit of 4403750?
4
What is the hundreds digit of 8891598?
5
What is the tens digit of 5465904?
0
What is the hundred thousands digit of 3687609?
6
What is the hundreds digit of 1481772?
7
What is the hundred thousands digit of 219420?
2
What is the hundreds digit of 706184?
1
What is the hundreds digit of 6268529?
5
What is the hundreds digit of 9015489?
4
What is the units digit of 2021451?
1
What is the hundreds digit of 3546907?
9
What is the hundred thousands digit of 167443?
1
What is the thousands digit of 417327?
7
What is the hundreds digit of 2040859?
8
What is the millions digit of 29575258?
9
What is the hundreds digit of 122345?
3
What is the hundred thousands digit of 2456995?
4
What is the hundreds digit of 30530836?
8
What is the hundreds digit of 4089394?
3
What is the tens digit of 1931886?
8
What is the thousands digit of 11308049?
8
What is the hundreds digit of 1428739?
7
What is the ten thousands digit of 3099862?
9
What is the hundreds digit of 495290?
2
What is the ten thousands digit of 1083093?
8
What is the units digit of 1276151?
1
What is the hundred thousands digit of 5905080?
9
What is the hundreds digit of 382711?
7
What is the ten thousands digit of 196505?
9
What is the ten thousands digit of 4012617?
1
What is the units digit of 268548?
8
What is the hundred thousands digit of 134694?
1
What is the thousands digit of 244237?
4
What is the hundred thousands digit of 314025?
3
What is the units digit of 258063?
3
What is the hundreds digit of 8919537?
5
What is the ten thousands digit of 7810268?
1
What is the tens digit of 26517713?
1
What is the hundred thousands digit of 1825954?
8
What is the hundreds digit of 748063?
0
What is the thousands digit of 1268542?
8
What is the hundred thousands digit of 517494?
5
What is the ten thousands digit of 706768?
0
What is the units digit of 296755?
5
What is the units digit of 5474384?
4
What is the hundred thousands digit of 533480?
5
What is the thousands digit of 255896?
5
What is the units digit of 780352?
2
What is the tens digit of 8234960?
6
What is the millions digit of 3309288?
3
What is the ten thousands digit of 392421?
9
What is the units digit of 596?
6
What is the tens digit of 185046?
4
What is the hundred thousands digit of 509915?
5
What is the hundreds digit of 81849?
8
What is the hundred thousands digit of 12894960?
8
What is the thousands digit of 274808?
4
What is the units digit of 12981495?
5
What is the thousands digit of 3620567?
0
What is the ten thousands digit of 36665?
3
What is the thousands digit of 2780?
2
What is the hundred thousands digit of 1639007?
6
What is the thousands digit of 57975?
7
What is the ten thousands digit of 453880?
5
What is the tens digit of 363424?
2
What is the tens digit of 584079?
7
What is the tens digit of 306506?
0
What is the hundred thousands digit of 2773764?
7
What is the hundred thousands digit of 2687247?
6
What is the hundred thousands digit of 118028?
1
What is the ten thousands digit of 406839?
0
What is the units digit of 3673478?
8
What is the thousands digit of 15291409?
1
What is the millions digit of 2114757?
2
What is the tens digit of 7440379?
7
What is the units digit of 9127066?
6
What is the units digit of 482207?
7
What is the tens digit of 8965927?
2
What is the hundred thousands digit of 3969227?
9
What is the thousands digit of 742642?
2
What is the tens digit of 12229201?
0
What is the hundreds digit of 372282?
2
What is the units digit of 169760?
0
What is the thousands digit of 2905409?
5
What is the millions digit of 7703176?
7
What is the tens digit of 108606?
0
What is the hundreds digit of 147509?
5
What is the tens digit of 193322?
2
What is the tens digit of 1847802?
0
What is the tens digit of 228785?
8
What is the ten thousands digit of 3720411?
2
What is the millions digit of 5142357?
5
What is the millions digit of 1778131?
1
What is the units digit of 3564391?
1
What is the thousands digit of 8958373?
8
What is the units digit of 157289?
9
What is the hundred thousands digit of 1504216?
5
What is the millions digit of 9077720?
9
What is the hundreds digit of 3513784?
7
What is the ten thousands digit of 655041?
5
What is the units digit of 357444?
4
What is the ten millions digit of 11940671?
1
What is the thousands digit of 134403?
4
What is the hundreds digit of 210179?
1
What is the hundred thousands digit of 207306?
2
What is the hundreds digit of 6108337?
3
What is the tens digit of 220495?
9
What is the ten thousands digit of 12695647?
9
What is the ten thousands digit of 278027?
7
What is the hundreds digit of 559746?
7
What is the units digit of 726708?
8
What is the ten thousands digit of 178130?
7
What is the hundred thousands digit of 1220057?
2
What is the tens digit of 18205?
0
What is the tens digit of 1020049?
4
What is the units digit of 269551?
1
What is the units digit of 2640723?
3
What is the ten millions digit of 12512899?
1
What is the tens digit of 3181244?
4
What is the hundred thousands digit of 14090304?
0
What is the ten thousands digit of 6329528?
2
What is the tens digit of 234963?
6
What is the tens digit of 845024?
2
What is the millions digit of 7252407?
7
What is the hundreds digit of 219526?
5
What is the tens digit of 258206?
0
What is the thousands digit of 987794?
7
What is the hundreds digit of 4954620?
6
What is the hundreds digit of 64585?
5
What is the thousands digit of 1490052?
0
What is the units digit of 138565?
5
What is the tens digit of 22527